{"id":2194,"date":"2025-10-15T15:11:50","date_gmt":"2025-10-15T15:11:50","guid":{"rendered":"https:\/\/www.passepartoutspain.com\/catalogue\/uncategorised\/azul\/"},"modified":"2025-10-15T15:11:50","modified_gmt":"2025-10-15T15:11:50","slug":"azul","status":"publish","type":"catalogue","link":"https:\/\/www.belgianfurniturespain.com\/es\/catalogue\/asientos\/azul\/","title":{"rendered":"Azul"},"featured_media":2197,"parent":0,"template":"","meta":{"_acf_changed":false,"_et_pb_use_builder":"","_et_pb_old_content":"","_et_gb_content_width":""},"furniture-category":[41],"class_list":["post-2194","catalogue","type-catalogue","status-publish","has-post-thumbnail","hentry","furniture-category-asientos"],"acf":[],"yoast_head":"<!-- This site is optimized with the Yoast SEO plugin v27.4 - https:\/\/yoast.com\/product\/yoast-seo-wordpress\/ -->\n<title>Asiento Azul Elegante para Interiores Contempor\u00e1neos<\/title>\n<meta name=\"description\" content=\"Azul es un refinado asiento de sal\u00f3n de elegancia compacta y confort, ideal como pieza independiente o como parte de una moderna disposici\u00f3n de asientos.\" \/>\n<meta name=\"robots\" content=\"index, follow, max-snippet:-1, max-image-preview:large, max-video-preview:-1\" \/>\n<link rel=\"canonical\" href=\"https:\/\/www.belgianfurniturespain.com\/es\/catalogue\/asientos\/azul\/\" \/>\n<meta property=\"og:locale\" content=\"es_ES\" \/>\n<meta property=\"og:type\" content=\"article\" \/>\n<meta property=\"og:title\" content=\"Asiento Azul Elegante para Interiores Contempor\u00e1neos\" \/>\n<meta property=\"og:description\" content=\"Azul es un refinado asiento de sal\u00f3n de elegancia compacta y confort, ideal como pieza independiente o como parte de una moderna disposici\u00f3n de asientos.\" \/>\n<meta property=\"og:url\" content=\"https:\/\/www.belgianfurniturespain.com\/es\/catalogue\/asientos\/azul\/\" \/>\n<meta property=\"og:site_name\" content=\"Premium Belgian Furniture Spain\" \/>\n<meta property=\"og:image\" content=\"https:\/\/www.belgianfurniturespain.com\/wordpress\/wp-content\/uploads\/extra-499223cb-1d5c-4aa0-b396-31c56ceb045d.jpeg\" \/>\n\t<meta property=\"og:image:width\" content=\"2000\" \/>\n\t<meta property=\"og:image:height\" content=\"1333\" \/>\n\t<meta property=\"og:image:type\" content=\"image\/jpeg\" \/>\n<meta name=\"twitter:card\" content=\"summary_large_image\" \/>\n<script type=\"application\/ld+json\" class=\"yoast-schema-graph\">{\"@context\":\"https:\\\/\\\/schema.org\",\"@graph\":[{\"@type\":\"WebPage\",\"@id\":\"https:\\\/\\\/www.belgianfurniturespain.com\\\/es\\\/catalogue\\\/asientos\\\/azul\\\/\",\"url\":\"https:\\\/\\\/www.belgianfurniturespain.com\\\/es\\\/catalogue\\\/asientos\\\/azul\\\/\",\"name\":\"Asiento Azul Elegante para Interiores Contempor\u00e1neos\",\"isPartOf\":{\"@id\":\"https:\\\/\\\/www.belgianfurniturespain.com\\\/es\\\/#website\"},\"primaryImageOfPage\":{\"@id\":\"https:\\\/\\\/www.belgianfurniturespain.com\\\/es\\\/catalogue\\\/asientos\\\/azul\\\/#primaryimage\"},\"image\":{\"@id\":\"https:\\\/\\\/www.belgianfurniturespain.com\\\/es\\\/catalogue\\\/asientos\\\/azul\\\/#primaryimage\"},\"thumbnailUrl\":\"https:\\\/\\\/www.belgianfurniturespain.com\\\/wordpress\\\/wp-content\\\/uploads\\\/extra-499223cb-1d5c-4aa0-b396-31c56ceb045d.jpeg\",\"datePublished\":\"2025-10-15T15:11:50+00:00\",\"description\":\"Azul es un refinado asiento de sal\u00f3n de elegancia compacta y confort, ideal como pieza independiente o como parte de una moderna disposici\u00f3n de asientos.\",\"breadcrumb\":{\"@id\":\"https:\\\/\\\/www.belgianfurniturespain.com\\\/es\\\/catalogue\\\/asientos\\\/azul\\\/#breadcrumb\"},\"inLanguage\":\"es-ES\",\"potentialAction\":[{\"@type\":\"ReadAction\",\"target\":[\"https:\\\/\\\/www.belgianfurniturespain.com\\\/es\\\/catalogue\\\/asientos\\\/azul\\\/\"]}]},{\"@type\":\"ImageObject\",\"inLanguage\":\"es-ES\",\"@id\":\"https:\\\/\\\/www.belgianfurniturespain.com\\\/es\\\/catalogue\\\/asientos\\\/azul\\\/#primaryimage\",\"url\":\"https:\\\/\\\/www.belgianfurniturespain.com\\\/wordpress\\\/wp-content\\\/uploads\\\/extra-499223cb-1d5c-4aa0-b396-31c56ceb045d.jpeg\",\"contentUrl\":\"https:\\\/\\\/www.belgianfurniturespain.com\\\/wordpress\\\/wp-content\\\/uploads\\\/extra-499223cb-1d5c-4aa0-b396-31c56ceb045d.jpeg\",\"width\":2000,\"height\":1333},{\"@type\":\"BreadcrumbList\",\"@id\":\"https:\\\/\\\/www.belgianfurniturespain.com\\\/es\\\/catalogue\\\/asientos\\\/azul\\\/#breadcrumb\",\"itemListElement\":[{\"@type\":\"ListItem\",\"position\":1,\"name\":\"Home\",\"item\":\"https:\\\/\\\/www.belgianfurniturespain.com\\\/es\\\/pagina-de-inicio\\\/\"},{\"@type\":\"ListItem\",\"position\":2,\"name\":\"Azul\"}]},{\"@type\":\"WebSite\",\"@id\":\"https:\\\/\\\/www.belgianfurniturespain.com\\\/es\\\/#website\",\"url\":\"https:\\\/\\\/www.belgianfurniturespain.com\\\/es\\\/\",\"name\":\"Premium Belgian Furniture Spain\",\"description\":\"- Exclusive Passe Partout Distributor | Sofas, Tables, Chairs, Seats, Beds &amp; Outdoor \",\"potentialAction\":[{\"@type\":\"SearchAction\",\"target\":{\"@type\":\"EntryPoint\",\"urlTemplate\":\"https:\\\/\\\/www.belgianfurniturespain.com\\\/es\\\/?s={search_term_string}\"},\"query-input\":{\"@type\":\"PropertyValueSpecification\",\"valueRequired\":true,\"valueName\":\"search_term_string\"}}],\"inLanguage\":\"es-ES\"}]}<\/script>\n<!-- \/ Yoast SEO plugin. -->","yoast_head_json":{"title":"Asiento Azul Elegante para Interiores Contempor\u00e1neos","description":"Azul es un refinado asiento de sal\u00f3n de elegancia compacta y confort, ideal como pieza independiente o como parte de una moderna disposici\u00f3n de asientos.","robots":{"index":"index","follow":"follow","max-snippet":"max-snippet:-1","max-image-preview":"max-image-preview:large","max-video-preview":"max-video-preview:-1"},"canonical":"https:\/\/www.belgianfurniturespain.com\/es\/catalogue\/asientos\/azul\/","og_locale":"es_ES","og_type":"article","og_title":"Asiento Azul Elegante para Interiores Contempor\u00e1neos","og_description":"Azul es un refinado asiento de sal\u00f3n de elegancia compacta y confort, ideal como pieza independiente o como parte de una moderna disposici\u00f3n de asientos.","og_url":"https:\/\/www.belgianfurniturespain.com\/es\/catalogue\/asientos\/azul\/","og_site_name":"Premium Belgian Furniture Spain","og_image":[{"width":2000,"height":1333,"url":"https:\/\/www.belgianfurniturespain.com\/wordpress\/wp-content\/uploads\/extra-499223cb-1d5c-4aa0-b396-31c56ceb045d.jpeg","type":"image\/jpeg"}],"twitter_card":"summary_large_image","schema":{"@context":"https:\/\/schema.org","@graph":[{"@type":"WebPage","@id":"https:\/\/www.belgianfurniturespain.com\/es\/catalogue\/asientos\/azul\/","url":"https:\/\/www.belgianfurniturespain.com\/es\/catalogue\/asientos\/azul\/","name":"Asiento Azul Elegante para Interiores Contempor\u00e1neos","isPartOf":{"@id":"https:\/\/www.belgianfurniturespain.com\/es\/#website"},"primaryImageOfPage":{"@id":"https:\/\/www.belgianfurniturespain.com\/es\/catalogue\/asientos\/azul\/#primaryimage"},"image":{"@id":"https:\/\/www.belgianfurniturespain.com\/es\/catalogue\/asientos\/azul\/#primaryimage"},"thumbnailUrl":"https:\/\/www.belgianfurniturespain.com\/wordpress\/wp-content\/uploads\/extra-499223cb-1d5c-4aa0-b396-31c56ceb045d.jpeg","datePublished":"2025-10-15T15:11:50+00:00","description":"Azul es un refinado asiento de sal\u00f3n de elegancia compacta y confort, ideal como pieza independiente o como parte de una moderna disposici\u00f3n de asientos.","breadcrumb":{"@id":"https:\/\/www.belgianfurniturespain.com\/es\/catalogue\/asientos\/azul\/#breadcrumb"},"inLanguage":"es-ES","potentialAction":[{"@type":"ReadAction","target":["https:\/\/www.belgianfurniturespain.com\/es\/catalogue\/asientos\/azul\/"]}]},{"@type":"ImageObject","inLanguage":"es-ES","@id":"https:\/\/www.belgianfurniturespain.com\/es\/catalogue\/asientos\/azul\/#primaryimage","url":"https:\/\/www.belgianfurniturespain.com\/wordpress\/wp-content\/uploads\/extra-499223cb-1d5c-4aa0-b396-31c56ceb045d.jpeg","contentUrl":"https:\/\/www.belgianfurniturespain.com\/wordpress\/wp-content\/uploads\/extra-499223cb-1d5c-4aa0-b396-31c56ceb045d.jpeg","width":2000,"height":1333},{"@type":"BreadcrumbList","@id":"https:\/\/www.belgianfurniturespain.com\/es\/catalogue\/asientos\/azul\/#breadcrumb","itemListElement":[{"@type":"ListItem","position":1,"name":"Home","item":"https:\/\/www.belgianfurniturespain.com\/es\/pagina-de-inicio\/"},{"@type":"ListItem","position":2,"name":"Azul"}]},{"@type":"WebSite","@id":"https:\/\/www.belgianfurniturespain.com\/es\/#website","url":"https:\/\/www.belgianfurniturespain.com\/es\/","name":"Premium Belgian Furniture Spain","description":"- Exclusive Passe Partout Distributor | Sofas, Tables, Chairs, Seats, Beds &amp; Outdoor ","potentialAction":[{"@type":"SearchAction","target":{"@type":"EntryPoint","urlTemplate":"https:\/\/www.belgianfurniturespain.com\/es\/?s={search_term_string}"},"query-input":{"@type":"PropertyValueSpecification","valueRequired":true,"valueName":"search_term_string"}}],"inLanguage":"es-ES"}]}},"_links":{"self":[{"href":"https:\/\/www.belgianfurniturespain.com\/es\/wp-json\/wp\/v2\/catalogue\/2194","targetHints":{"allow":["GET"]}}],"collection":[{"href":"https:\/\/www.belgianfurniturespain.com\/es\/wp-json\/wp\/v2\/catalogue"}],"about":[{"href":"https:\/\/www.belgianfurniturespain.com\/es\/wp-json\/wp\/v2\/types\/catalogue"}],"wp:featuredmedia":[{"embeddable":true,"href":"https:\/\/www.belgianfurniturespain.com\/es\/wp-json\/wp\/v2\/media\/2197"}],"wp:attachment":[{"href":"https:\/\/www.belgianfurniturespain.com\/es\/wp-json\/wp\/v2\/media?parent=2194"}],"wp:term":[{"taxonomy":"furniture-category","embeddable":true,"href":"https:\/\/www.belgianfurniturespain.com\/es\/wp-json\/wp\/v2\/furniture-category?post=2194"}],"curies":[{"name":"wp","href":"https:\/\/api.w.org\/{rel}","templated":true}]}}

<!-- This site is optimized with the Yoast SEO plugin v27.4 - https://yoast.com/product/yoast-seo-wordpress/ -->
<title>Asiento Azul Elegante para Interiores Contemporáneos</title>
<meta name="description" content="Azul es un refinado asiento de salón de elegancia compacta y confort, ideal como pieza independiente o como parte de una moderna disposición de asientos." />
<meta name="robots" content="index, follow, max-snippet:-1, max-image-preview:large, max-video-preview:-1" />
<link rel="canonical" href="https://www.belgianfurniturespain.com/es/catalogue/asientos/azul/" />
<meta property="og:locale" content="es_ES" />
<meta property="og:type" content="article" />
<meta property="og:title" content="Asiento Azul Elegante para Interiores Contemporáneos" />
<meta property="og:description" content="Azul es un refinado asiento de salón de elegancia compacta y confort, ideal como pieza independiente o como parte de una moderna disposición de asientos." />
<meta property="og:url" content="https://www.belgianfurniturespain.com/es/catalogue/asientos/azul/" />
<meta property="og:site_name" content="Premium Belgian Furniture Spain" />
<meta property="og:image" content="https://www.belgianfurniturespain.com/wordpress/wp-content/uploads/extra-499223cb-1d5c-4aa0-b396-31c56ceb045d.jpeg" />
	<meta property="og:image:width" content="2000" />
	<meta property="og:image:height" content="1333" />
	<meta property="og:image:type" content="image/jpeg" />
<meta name="twitter:card" content="summary_large_image" />
<script type="application/ld+json" class="yoast-schema-graph">{"@context":"https:\/\/schema.org","@graph":[{"@type":"WebPage","@id":"https:\/\/www.belgianfurniturespain.com\/es\/catalogue\/asientos\/azul\/","url":"https:\/\/www.belgianfurniturespain.com\/es\/catalogue\/asientos\/azul\/","name":"Asiento Azul Elegante para Interiores Contemporáneos","isPartOf":{"@id":"https:\/\/www.belgianfurniturespain.com\/es\/#website"},"primaryImageOfPage":{"@id":"https:\/\/www.belgianfurniturespain.com\/es\/catalogue\/asientos\/azul\/#primaryimage"},"image":{"@id":"https:\/\/www.belgianfurniturespain.com\/es\/catalogue\/asientos\/azul\/#primaryimage"},"thumbnailUrl":"https:\/\/www.belgianfurniturespain.com\/wordpress\/wp-content\/uploads\/extra-499223cb-1d5c-4aa0-b396-31c56ceb045d.jpeg","datePublished":"2025-10-15T15:11:50+00:00","description":"Azul es un refinado asiento de salón de elegancia compacta y confort, ideal como pieza independiente o como parte de una moderna disposición de asientos.","breadcrumb":{"@id":"https:\/\/www.belgianfurniturespain.com\/es\/catalogue\/asientos\/azul\/#breadcrumb"},"inLanguage":"es-ES","potentialAction":[{"@type":"ReadAction","target":["https:\/\/www.belgianfurniturespain.com\/es\/catalogue\/asientos\/azul\/"]}]},{"@type":"ImageObject","inLanguage":"es-ES","@id":"https:\/\/www.belgianfurniturespain.com\/es\/catalogue\/asientos\/azul\/#primaryimage","url":"https:\/\/www.belgianfurniturespain.com\/wordpress\/wp-content\/uploads\/extra-499223cb-1d5c-4aa0-b396-31c56ceb045d.jpeg","contentUrl":"https:\/\/www.belgianfurniturespain.com\/wordpress\/wp-content\/uploads\/extra-499223cb-1d5c-4aa0-b396-31c56ceb045d.jpeg","width":2000,"height":1333},{"@type":"BreadcrumbList","@id":"https:\/\/www.belgianfurniturespain.com\/es\/catalogue\/asientos\/azul\/#breadcrumb","itemListElement":[{"@type":"ListItem","position":1,"name":"Home","item":"https:\/\/www.belgianfurniturespain.com\/es\/pagina-de-inicio\/"},{"@type":"ListItem","position":2,"name":"Azul"}]},{"@type":"WebSite","@id":"https:\/\/www.belgianfurniturespain.com\/es\/#website","url":"https:\/\/www.belgianfurniturespain.com\/es\/","name":"Premium Belgian Furniture Spain","description":"- Exclusive Passe Partout Distributor | Sofas, Tables, Chairs, Seats, Beds &amp; Outdoor ","potentialAction":[{"@type":"SearchAction","target":{"@type":"EntryPoint","urlTemplate":"https:\/\/www.belgianfurniturespain.com\/es\/?s={search_term_string}"},"query-input":{"@type":"PropertyValueSpecification","valueRequired":true,"valueName":"search_term_string"}}],"inLanguage":"es-ES"}]}</script>
<!-- / Yoast SEO plugin. -->

Asiento Azul Elegante para Interiores Contemporáneos

Azul es un refinado asiento de salón de elegancia compacta y confort, ideal como pieza independiente o como parte de una moderna disposición de asientos.
